{"id":25,"date":"2019-05-20T10:20:43","date_gmt":"2019-05-20T08:20:43","guid":{"rendered":"http:\/\/vkminwest.pl\/?page_id=25"},"modified":"2019-05-20T10:48:24","modified_gmt":"2019-05-20T08:48:24","slug":"konstrukcje-inwestycyjne","status":"publish","type":"page","link":"http:\/\/vkminwest.pl\/index.php\/konstrukcje-inwestycyjne\/","title":{"rendered":"Konstrukcje inwestycyjne"},"content":{"rendered":"\n<p>Przedsi\u0119biorstwo VKM INWEST w zakresie produkcji oferuje Pa\u0144stwu wykonanie najwy\u017cszej jako\u015bci konstrukcji. Dysponujemy odpowiednimi maszynami i urz\u0105dzeniami, wykwalifikowan\u0105 kadra oraz w\u0142asnym zespo\u0142em projektowo \u2013 technologicznym, dzi\u0119ki czemu mo\u017cemy zaoferowa\u0107 kompleksow\u0105 obs\u0142ug\u0119 inwestycji. Konstrukcje wykonane s\u0105 z najwy\u017cszej jako\u015bci materia\u0142\u00f3w certyfikowanych co gwarantuje produkcj\u0119 zgodnie z wymaganymi Normami Europejskimi.<\/p>\n\n\n\n<p><strong>W naszej ofercie znajd\u0105 Pa\u0144stwo:<\/strong><\/p>\n\n\n\n<ul><li>hale produkcyjne<\/li><li>hale magazynowe<\/li><li>hale typu namiotowego<\/li><li>wiaty stalowe<\/li><li>prefabrykaty element\u00f3w<\/li><\/ul>\n\n\n\n<p><strong>Materia\u0142 wykonania konstrukcji:<\/strong><\/p>\n\n\n\n<ul><li>stal: S235, S275, S355, S460<\/li><li>aluminium z serii: 5000, 6000, 7000<\/li><li>stal kwasoodporna: 1.4301, 1.4307, 1.4404<\/li><li>i inne materia\u0142y spawalne.<\/li><\/ul>\n\n\n\n<div class=\"wp-block-image\"><figure class=\"alignright\"><img src=\"http:\/\/vkminwest.pl\/wp-content\/uploads\/2017\/11\/ki2-200x300.jpg\" alt=\"\" class=\"wp-image-46\"\/><\/figure><\/div>\n\n\n\n<p>Wykonujemy r\u00f3wnie\u017c projekty na podstawie dokumentacji zleconej. Ka\u017cdy z naszych klient\u00f3w mo\u017ce liczy\u0107 na fachow\u0105 pomoc pracownik\u00f3w naszej firmy w zakresie zmian w dokumentacji projektowo \u2013 wykonawczej.<\/p>\n\n\n\n<p>Nasze konstrukcje znalaz\u0142y zastosowanie w obiektach przemys\u0142owych, magazynowych, sportowych, us\u0142ugowych oraz halach produkcyjnych .<\/p>\n","protected":false},"excerpt":{"rendered":"<p>Przedsi\u0119biorstwo VKM INWEST w zakresie produkcji oferuje Pa\u0144stwu wykonanie najwy\u017cszej jako\u015bci konstrukcji. Dysponujemy odpowiednimi maszynami i urz\u0105dzeniami, wykwalifikowan\u0105 kadra oraz w\u0142asnym zespo\u0142em projektowo \u2013 technologicznym, dzi\u0119ki czemu mo\u017cemy zaoferowa\u0107 kompleksow\u0105 obs\u0142ug\u0119 inwestycji. Konstrukcje wykonane s\u0105 z najwy\u017cszej jako\u015bci materia\u0142\u00f3w certyfikowanych co gwarantuje produkcj\u0119 zgodnie z wymaganymi Normami Europejskimi. W naszej ofercie znajd\u0105 Pa\u0144stwo: hale produkcyjne<\/p>\n","protected":false},"author":1,"featured_media":0,"parent":0,"menu_order":0,"comment_status":"closed","ping_status":"closed","template":"fullwidth.php","meta":[],"_links":{"self":[{"href":"http:\/\/vkminwest.pl\/index.php\/wp-json\/wp\/v2\/pages\/25"}],"collection":[{"href":"http:\/\/vkminwest.pl\/index.php\/wp-json\/wp\/v2\/pages"}],"about":[{"href":"http:\/\/vkminwest.pl\/index.php\/wp-json\/wp\/v2\/types\/page"}],"author":[{"embeddable":true,"href":"http:\/\/vkminwest.pl\/index.php\/wp-json\/wp\/v2\/users\/1"}],"replies":[{"embeddable":true,"href":"http:\/\/vkminwest.pl\/index.php\/wp-json\/wp\/v2\/comments?post=25"}],"version-history":[{"count":2,"href":"http:\/\/vkminwest.pl\/index.php\/wp-json\/wp\/v2\/pages\/25\/revisions"}],"predecessor-version":[{"id":62,"href":"http:\/\/vkminwest.pl\/index.php\/wp-json\/wp\/v2\/pages\/25\/revisions\/62"}],"wp:attachment":[{"href":"http:\/\/vkminwest.pl\/index.php\/wp-json\/wp\/v2\/media?parent=25"}],"curies":[{"name":"wp","href":"https:\/\/api.w.org\/{rel}","templated":true}]}}